he prime factors of u(m).
2, 3, 5
Let m = 874 - 347. List the prime factors of m.
17, 31
Let j(c) = -c**2 + 8*c - 5. Let b = 46 + -40. List the prime factors of j(b).
7
Suppose -4*s - 6*k + k + 11 = 0, -3*k = -3*s - 12. List the prime factors of (-36 - -4)*(s + 0).
2
Suppose -14 = -2*k + 10. Let z(d) = 2*d**2 + 16*d - 14. Let a be z(-9). Suppose -a - k = -p. What are the prime factors of p?
2
Let b = 21 - 19. List the prime factors of (((-196)/(-21))/7)/(b/51).
2, 17
Suppose -3 = -l + 2. Let f(a) = -2*a**3 + 4*a**2 - 2*a - 1. Let z(d) = -4*d**3 + 7*d**2 - 3*d - 1. Let k(o) = l*f(o) - 3*z(o). List the prime factors of k(2).
2
Suppose 3*t + 2*r - 297 = 7*r, -5*t - 5*r + 455 = 0. Let y = t + -39. What are the prime factors of y?
5, 11
Let p(o) be the first derivative of o**3/3 + 36*o - 1. Let r be p(0). Let u = r - 16. What are the prime factors of u?
2, 5
Let s = -106 + 468. Let b = s + -187. List the prime factors of b.
5, 7
What are the prime factors of (-320)/(-2) - (6/1 - 1)?
5, 31
Let o be (-2)/(-14) + 924/49. Let w = 30 + o. What are the prime factors of w?
7
Suppose 12*g = 4379 - 815. What are the prime factors of g?
3, 11
Let g = -344 - -660. What are the prime factors of g?
2, 79
Suppose -495 = -2*q - s, q + 2*q = -5*s + 739. What are the prime factors of q + ((-18 - 2)/(-5) - 8)?
2, 61
Let z = 1196 + -665. List the prime factors of z.
3, 59
List the prime factors of (7 - 6 - (-32 - -3))*35.
2, 3, 5, 7
Let y = -350 - -785. What are the prime factors of y?
3, 5, 29
Let s = 930 - 434. Suppose -11*o + s = -615. List the prime factors of o.
101
Let h = -403 + 101. Let j = -204 - h. List the prime factors of j.
2, 7
Suppose 29*x - 3227 = 9446. List the prime factors of x.
19, 23
Let q be -48*(0 + 2/(-3)) + -4. Let k(i) = -i**2 + 33*i - 51. List the prime factors of k(q).
89
Suppose 4*t = 18 - 6. Suppose 0 = h + a + 3*a - 141, -390 = -t*h - a. What are the prime factors of h?
3, 43
Let g(c) = c**2 - 4. Let z be g(-2). Let f(p) = -2*p - 3. Let x be f(z). What are the prime factors of -2*(x + 4) - -35?
3, 11
Let d(u) = u**3 + 18*u**2 + 7*u + 27. List the prime factors of d(-16).
7, 61
Let b(u) = 97*u**2 + 19*u - 63. List the prime factors of b(3).
3, 17
Suppose -4*a - 2 + 18 = 0. Let t(k) = -5*k**2 + 9*k + 5. Let l(j) = 7*j**2 - 9*j - 6. Let y(p) = 2*l(p) + 3*t(p). List the prime factors of y(a).
23
Let u(m) = 37*m**3 - 8*m**2 + 24*m - 62. What are the prime factors of u(4)?
2, 3, 379
Suppose p - 175 - 22 = 0. List the prime factors of p.
197
Suppose 3*m - 4 = -4*u, -5*u + 2 + 3 = 5*m. Let i be -2*(-1 + 0 - m). Suppose -i*d + 40 = 3*d. What are the prime factors of d?
2
Suppose -k = -2 - 2. Suppose k*u + 3*c + 12 = 0, 5*c + 20 = u - 0*c. Suppose 4*w - 2*w - 56 = u. List the prime factors of w.
2, 7
Suppose 0 = -3*p - 4*t + 10, -2*t + 6*t = 2*p. Suppose 3*i - 161 = 4*o, 0*o + 67 = i + p*o. List the prime factors of i.
59
Suppose 7*o - 1523 = 4063. Suppose 18*x + x = o. What are the prime factors of x?
2, 3, 7
Let g(i) = -i**3 - 4*i**2 + 10*i + 7. Let s be g(-6). Suppose 0*x = 5*x - 15. Suppose -8 - s = -x*a. What are the prime factors of a?
3
What are the prime factors of 709*((-9 - -7)/(-1) + 1)?
3, 709
Let n be 30/7 + (-4)/14. Suppose q + 4*o + 87 = 2*q, n*o = -4*q + 368. What are the prime factors of q?
7, 13
Suppose v + 132 - 33 = 2*a, v - 105 = -2*a. Let s = 25 - a. Let m = 87 + s. What are the prime factors of m?
61
Suppose 6 = 4*m - z, 0 = 2*m - 3*z - 2*z + 6. Suppose -2*g - m = -3*g. Suppose t + t - 110 = -g*u, 0 = -4*u - t + 211. List the prime factors of u.
2, 13
Let d(g) = -g**2 - 2*g - 6. Let m = -23 + 18. Let s be d(m). What are the prime factors of (-891)/s + (-6)/14?
2, 3, 7
List the prime factors of -5 + -6 + 9 - -1059.
7, 151
Let v(n) = -n**2 - 7*n - 9. Let w be v(-5). Let f = 26 + w. What are the prime factors of f?
3
Let a(l) = -17*l - 201. List the prime factors of a(-25).
2, 7
What are the prime factors of -4*(3/(-2) + 79/(-1))?
2, 7, 23
Suppose 0 = f + 3*h - 1221, 0 = f - 0*h - 3*h - 1239. List the prime factors of f.
2, 3, 5, 41
Let x(p) = p**3 + 9*p**2 - 11*p + 11. Let c be (-4)/10*(27 + 4 + -6). What are the prime factors of x(c)?
3, 7
Let w = -2 - -6. Suppose -3*o = -2*r - 134, -3*r + w = -11. What are the prime factors of o?
2, 3
Let o(g) = -3*g**2 + 14*g + 17. Suppose -12*x = -10*x + 8. Let i(f) = -5*f**2 + 28*f + 33. Let b(r) = x*i(r) + 7*o(r). What are the prime factors of b(-9)?
2
Suppose 70 = 7*y - 49. Suppose -5618 = -y*o - 8. List the prime factors of o.
2, 3, 5, 11
Let m(q) = 9*q**2 + 5. Let n be m(-2). Suppose x = 0, 3*x = 4*s - 7 - n. What are the prime factors of s?
2, 3
Let m = 1974 + 995. What are the prime factors of m?
2969
Suppose 6*u - 6 = 12. Suppose -2*x + u*o = 5*o - 20, -o = 5. List the prime factors of x.
3, 5
Let j(y) = -2*y + 1. Let h be j(-2). Suppose -3*n = -4*s - 95, -h*n + 5*s + 97 = -2*n. What are the prime factors of n?
29
Let d be 15*((-4)/12 + 0). Let m be d/(7/(-6) - -1). Suppose -4*v = -3*z + 49, -5*z - m = -3*v - 97. What are the prime factors of z?
11
Suppose -w = 4*w + 85. Let i be 1*2*w + -2. List the prime factors of i/(-27)*(-3)/(-2).
2
Let p = 2243 - 1294. List the prime factors of p.
13, 73
Let a = -160 + 162. Suppose a*t = 261 + 159. List the prime factors of t.
2, 3, 5, 7
Let u = -23 - -16. Let q(b) = -2 + 0 - 16*b - 2*b**2 - 3 + 6. List the prime factors of q(u).
3, 5
Suppose -62 = -4*r + 58. List the prime factors of r.
2, 3, 5
Let m be (1/(-2))/((-7)/28). Suppose -3*i + m*n - 43 = 180, 3*n + 3 = 0. What are the prime factors of i*4/(-6)*1?
2, 5
Let q = 16 + -12. Suppose q*w - 2*f - 3*f = -28, -5*w = f + 35. Let x(p) = p**3 + 7*p**2 - 4*p + 5. List the prime factors of x(w).
3, 11
Let d = -5 - -6. Let l(s) = -15*s**2 - s - 4. Let i(x) = 29*x**2 + 2*x + 7. Let m(u) = 4*i(u) + 7*l(u). What are the prime factors of m(d)?
2, 3
Suppose -4382 = -5*i - 462. List the prime factors of i.
2, 7
Let g be (99 - -5) + (0 - 0). Let s = g + -45. List the prime factors of s.
59
Suppose -4*y + 1558 = 2*t, -4*t = -2*t - y - 1558. Suppose 199 + t = 6*p. List the prime factors of p.
163
Let t(l) = 106*l**2 - 69*l + 68. Let s be t(1). Let v be 4/14 + (-136)/(-14). Suppose v*k - s = 7*k. What are the prime factors of k?
5, 7
Let y = 5 + -1. Suppose -y*w + k - 115 = -6, 3*w + 81 = k. What are the prime factors of 66/5*(-70)/w?
3, 11
Let d(p) = -p**3 + 24*p**2 - 22*p - 11. Let y be d(10). Suppose 0 = 4*h - y + 285. List the prime factors of h.
13, 17
Let k = 29 + -8. Let a be -50*(k/(-6) + 3). Let y = a + -16. What are the prime factors of y?
3
Suppose -4*y + 3*i - 81 = 0, 2*y = -2*i + i - 33. Let m = y - -55. What are the prime factors of m?
37
Let u(m) = m**2 + 2*m + 4. Let c be u(-7). Suppose -3*x - 75 = 5*z, -3*z - c = x + 2. Let h(j) = -j**3 - 12*j**2 - 2*j - 4. List the prime factors of h(z).
2, 5
Suppose -4*p = -o - 64, p + 6 = 2*o + 29. Let t(m) = m**2 - 15*m + 13. Let r be t(p). Let v = 28 - r. List the prime factors of v.
3, 5
Let s = -27 - -20. Let h(w) = 7*w + 16. Let k(v) = 3*v + 8. Let c(j) = -4*h(j) + 9*k(j). List the prime factors of c(s).
3, 5
Suppose 0 = -5*v - s + 1856, -2*v = -14*s + 10*s - 760. What are the prime factors of v?
2, 3, 31
Suppose -j = 5, 4*v + 0*j - 10 = -2*j. Suppose 2*h = v*d + 230, -3*h + 302 = d - 43. List the prime factors of h.
5, 23
Let v(c) = 48*c**2 - 23*c**2 + c + 10*c - 24*c**2 + 4. What are the prime factors of v(7)?
2, 5, 13
Let t(z) = -2*z**2 - z. Let d be t(-5). Suppose 0 = 10*i - 5*i - 340. Let y = d + i. What are the prime factors of y?
23
Let p = -3286 + 4897. List the prime factors of p.
3, 179
Let d = -1663 + 4566. What are the prime factors of d?
2903
Let o = -9 + 12. List the prime factors of o/(-1*4/(-108)).
3
List the prime factors of 7686/(2 + 4) + -7.
2, 7, 13
Let t = 259 + 70. What are the prime factors of t?
7, 47
Suppose 6*j - j = 0. Suppose 2*v + 3*x - 47 - 29 = j, -5*x = 10. What are the prime factors of v?
41
Suppose -2*c = -30 - 24. Let v = 147 - c. What are the prime factors of v?
2, 3, 5
What are the prime factors of (1/3)/((-20)/(-5820))?
97
Let r(h) = -13*h**3 + h**2 - 10*h + 9. What are the prime factors of r(-5)?
1709
Let s(z) = z**2 - 21*z + 226. List the prime factors of s(-23).
2, 619
Let x = 10 - 4. Suppose -13*s = -